 of q and a.
9
Suppose b - 2*j + 52 = 5*b, 4*b - 4*j - 76 = 0. Suppose 5*y - 19 = 106. Let c = y + b. Calculate the highest common factor of c and 16.
8
Suppose 5*y = x - 110, 5*y + 0*y + 3*x = -110. Let f be 4/y + 321/11. Let m = f + -14. What is the greatest common divisor of 10 and m?
5
Let o(i) = -i. Let v be o(-4). Suppose 135 = 5*s - 5*l, 6*s - 185 = s - 5*l. Calculate the highest common factor of s and v.
4
Let l be (28/6)/((-6)/(-18)). Let a be -1 + 2 + (6 - -7). Calculate the highest common factor of a and l.
14
Let w be (-2 - (0 - 0)) + 3. Let q be (-4*1)/2*-2. Calculate the highest common divisor of q and w.
1
Suppose 5*s + 5 = 5*j, -7 - 16 = -5*j - s. Suppose -j*x + 40 = x. Calculate the highest common divisor of x and 88.
8
Suppose -3*m = -7*m + 8. Suppose -2*l = 2*f, 0 = -m*f + 3*l - 2*l + 6. What is the highest common factor of 6 and f?
2
Let a(v) = 13*v - 10. Suppose h - 22 = -17. Let y be a(h). What is the greatest common factor of y and 11?
11
Let v = -6 - -12. Calculate the greatest common factor of 24 and v.
6
Let r be (-8)/(-6)*18*1. Let q(k) be the third derivative of -k**4/24 + 4*k**3/3 - 2*k**2. Let y be q(5). What is the greatest common divisor of r and y?
3
Let y be ((-10)/(-8))/(3/(-108)). Let t be (0 - 3)/(3/y). Calculate the greatest common divisor of t and 18.
9
Suppose -3*o + 6*o + 4*k - 29 = 0, -2*k + 22 = 4*o. Suppose 5*z - 4*d - 55 = -1, -31 = -o*z + d. Calculate the greatest common factor of z and 20.
10
Suppose -3*o - 4 = -76. What is the greatest common factor of 16 and o?
8
Let h(l) = l**2 - 5*l + 8. Let s = 15 - 9. Suppose -12 = -3*w + s. Let k be h(w). What is the greatest common divisor of k and 2?
2
Suppose 4*t = 2*k - 0*k - 36, 10 = -5*t. Suppose -443 = 30*v - 1493. Calculate the highest common divisor of v and k.
7
Suppose 4*r + 0*r - 5*y - 77 = 0, 100 = 5*r - 5*y. Let l = 120 - 1. Suppose -27 = 4*h - l. What is the greatest common divisor of h and r?
23
Let t be 22/(-5)*45/3. Let h be ((-4)/6)/(4/t). Suppose r = -2*r - 4*b + 15, -4*r - b = -7. What is the greatest common divisor of r and h?
1
Let z(s) = 0*s**2 + 4 - 5 - 6*s - 2 + s**2. Let q be z(-5). Calculate the highest common factor of 13 and q.
13
Let d(x) = -4*x + 4. Let q be d(-6). What is the highest common divisor of 4 and q?
4
Suppose -2*j = -5*j + 126. Calculate the greatest common factor of 105 and j.
21
Let r be (-2)/(-6) + (-1600)/(-60). What is the highest common factor of 54 and r?
27
Suppose -9 - 1 = -i. Suppose 2*m = 4*m - i. Calculate the highest common factor of m and 25.
5
Suppose -2*v = 2*y - 14 - 8, -3*v + 45 = 5*y. Let r(a) = -a**3 + a**2 + a + 3. Let h be r(-3). What is the highest common divisor of y and h?
6
Suppose -3*x - 3*r + 909 = 0, -x - 5*r - 1485 = -6*x. Let j be 33 + 9/6*-2. Calculate the greatest common factor of j and x.
30
Let v(w) = -w + 2. Let f be v(-6). Let k be (-3)/(-3) - 2/2. Suppose 1 = p - k. Calculate the highest common divisor of p and f.
1
Suppose -2*z - 2*k - 10 = -24, -3*k = 12. Suppose -4*v - 74 = -2*p, -5 = -p + v + 30. Calculate the highest common divisor of p and z.
11
Let l = -120 + 148. Calculate the highest common factor of 12 and l.
4
Suppose -3*g + 0*g - 2*i = -34, 78 = 5*g - 2*i. Suppose -j = -6*j - 80. Let s = j - -23. What is the highest common divisor of g and s?
7
Let r(i) = -36*i + 7. Let p be r(-4). Suppose 4*g - 78 = 3*q, -3*q = -5*g + p - 55. What is the greatest common divisor of 198 and g?
18
Let v = -120 - -130. Let t(q) = q**2 + 6*q + 6. Let j be t(-5). Let r be 164/2 + j*-2. What is the highest common divisor of v and r?
10
Suppose 114 = 5*l - 3*l. What is the highest common factor of l and 19?
19
Suppose 0 = -b + 3*b + 6. Let v = b + 9. What is the highest common divisor of 2 and v?
2
Let h be ((-2)/6)/(23/(-69)). Calculate the highest common factor of 5 and h.
1
Suppose 3*g = v + 7, -15 = -3*v - 5*g + 2*g. Suppose -3*a + 5*c = -10, v*a - 3*c + 18 = 5*a. What is the highest common divisor of 25 and a?
5
Suppose -h + 32 = h. Let n = -18 - -12. Let x be h/(-24) + (-22)/n. Calculate the highest common factor of x and 2.
1
Suppose -6 = -3*a - 0. Suppose -3*d = -d - 22. Suppose -6*m + a*m + b = -17, -4*m + d = -3*b. Calculate the highest common factor of 45 and m.
5
Suppose 10 = 10*z - 5*z. Calculate the highest common divisor of 4 and z.
2
Let v(x) = -4*x. Let h be v(5). Let s be (-1)/(-4) - 335/h. What is the highest common divisor of 119 and s?
17
Suppose -4 - 8 = -2*l. Let h be -75*-3*(-4)/(-30). Calculate the greatest common factor of l and h.
6
Let o be -12*(7/2)/(-7). Suppose 212 = o*b - 268. What is the highest common factor of b and 32?
16
Let s = -1607 - -1610. Let t = -1 + 1. Suppose 0 = 4*c - t*c - 12. Calculate the greatest common factor of c and s.
3
Suppose -11*b + 353 = 100. Calculate the highest common factor of 184 and b.
23
Suppose 5*d + 27 + 17 = 2*h, -5*h - 5*d = -40. Let r(a) = a**3 + 5*a**2 - 4*a - 2. Let w be r(-5). Calculate the greatest common factor of w and h.
6
Let g(t) = -t**2 - 8*t - 8. Let l(q) = -q**2 - 2*q - 4. Let d be l(-3). Let u be g(d). Let b be 4*u/6*-3. Calculate the highest common divisor of 10 and b.
2
Let a be (1 + -4)*(-34)/6. Let s = 7 + a. Let o = -7 + s. Calculate the greatest common divisor of o and 51.
17
Suppose 20 = 3*a - a. Calculate the greatest common factor of 40 and a.
10
Suppose -6*i + 8*i = 560. Calculate the greatest common factor of i and 10.
10
Suppose 2*f - 2 = 4. Let v(o) = o**2 + o - 1. Let l be v(f). Calculate the highest common factor of l and 77.
11
Suppose -16*b = -18*b + 230. What is the highest common divisor of 23 and b?
23
Suppose -2*i - 2*p = -4*p - 34, -i - 2*p + 23 = 0. Calculate the highest common factor of i and 209.
19
Let o be (-109)/(-7) + (-72)/(-168). What is the greatest common factor of o and 2?
2
Let d be (-2)/2 + 8/4. Let n(b) = -3*b**3 + 2*b**2 - 1. Let x be n(d). Let v be (-3)/(-6) - 23/x. What is the highest common factor of 12 and v?
12
Let u be (-1106)/(-7)*2/2. Suppose u = 4*p + 2*n - n, 122 = 3*p - n. What is the highest common divisor of p and 100?
20
Suppose 2*r + 2 = 3*r, -16 = -5*y + 2*r. What is the greatest common factor of y and 12?
4
Suppose -v = -2*h + h - 30, h - 36 = -v. Suppose 2*w - v + 3 = 0. Let i = 11 + -5. Calculate the highest common factor of i and w.
3
Let u = -5 + 9. Calculate the highest common divisor of 8 and u.
4
Suppose 0*g = 2*a + 3*g - 22, g = 4*a - 16. Suppose -a*r + 100 = -5. Let d be (-2 - -1)/((-3)/r). Calculate the highest common factor of d and 42.
7
Let f = 107 + -88. Calculate the highest common divisor of 19 and f.
19
Suppose -4*d + 267 = 4*b - 93, 5*b = 4*d - 396. Calculate the highest common factor of 235 and d.
47
Suppose 6*l - 188 = 2*l. Suppose -17 = -4*a + l. Calculate the greatest common factor of a and 128.
16
Let x be (-46)/(-10) + 4/10. Suppose 0 = -x*n - 0*n. Suppose 5*f = -m + 105, -5*f + n = 5. What is the highest common divisor of m and 10?
10
Let y = 2 - -1. Suppose 2*x - y*g + 8 = 0, g + g + 2 = 5*x. What is the highest common divisor of 2 and x?
2
Let b be 2/(4/(-29))*-10. What is the greatest common factor of 58 and b?
29
Let y(i) = -i**3 - 6*i**2 - 5*i + 4. Suppose u - 30 = 2*z + 6*u, 4*z + 2*u = -28. Let w be y(z). Calculate the greatest common factor of 4 and w.
4
Let f be ((-13)/3)/((-2)/12). Suppose 0 = -2*p - 3 - 1. Let i be (p - 1/(-2))*-26. What is the greatest common factor of f and i?
13
Let x be 2/(-8) + (-260)/(-16). What is the highest common factor of x and 48?
16
Let p(v) = -v**3 + 8*v**2 - 9*v + 5. Let z be 18/(-8)*(-8)/3. Let m be p(z). Suppose m = 3*y - 4. What is the greatest common divisor of 72 and y?
9
Let g = 179 + -256. Let t = 131 + g. Suppose 2*s = t + 54. What is the highest common divisor of s and 6?
6
Suppose -n + 0 = -4, 2*n - 23 = -5*i. Let k be -2*(-2 + i)*-30. What is the highest common factor of 10 and k?
10
Suppose 3*r - 4*k = 20, 4*r + 17 = -2*k + 73. What is the greatest common factor of 96 and r?
12
Suppose -u + 5*f - 4 = -4*u, -u - 3*f = 0. Suppose 81 = -2*s + u*s. Suppose 0 = -2*k + 7*k - 45. What is the greatest common divisor of s and k?
9
Let o be ((-1)/(-1))/((-1)/(-9)). What is the greatest common factor of o and 9?
9
Suppose 0 = 2*m - 51 - 7. Suppose -m = -3*f - 2. Calculate the grea